{"id":6428,"date":"2022-01-06T12:54:39","date_gmt":"2022-01-06T15:54:39","guid":{"rendered":"http:\/\/www.treviso.arq.br\/novo\/imovel\/casa-sr\/"},"modified":"2022-08-01T17:16:47","modified_gmt":"2022-08-01T20:16:47","slug":"casa-sr","status":"publish","type":"property","link":"https:\/\/www.treviso.arq.br\/novo\/imovel\/casa-sr\/","title":{"rendered":"CASA SR"},"content":{"rendered":"<pre>Execu\u00e7\u00e3o Treviso Arquitetura e Constru\u00e7\u00e3o Ltda.<\/pre>\n","protected":false},"excerpt":{"rendered":"<p>Execu\u00e7\u00e3o Treviso Arquitetura e Constru\u00e7\u00e3o Ltda.<\/p>\n","protected":false},"author":5,"featured_media":6426,"parent":0,"menu_order":0,"comment_status":"closed","ping_status":"closed","template":"","imovel-caracteristicas":[],"imovel-tipo":[48,43],"localizacao-imovel":[],"imovel-estado":[],"class_list":["post-6428","property","type-property","status-publish","has-post-thumbnail","hentry","property-type-casas","property-type-residenciais"],"property_meta":{"REAL_HOMES_property_price":"","REAL_HOMES_property_old_price":"","REAL_HOMES_property_price_prefix":"","REAL_HOMES_property_price_postfix":"","REAL_HOMES_property_size":"305","REAL_HOMES_property_size_postfix":"m\u00b2","REAL_HOMES_property_lot_size":"","REAL_HOMES_property_lot_size_postfix":"","REAL_HOMES_property_bedrooms":"","REAL_HOMES_property_bathrooms":"","REAL_HOMES_property_garage":"","REAL_HOMES_property_id":"IM-6428","REAL_HOMES_property_year_built":"2014","REAL_HOMES_featured":"0","REAL_HOMES_additional_details_list":[],"REAL_HOMES_property_location":{"latitude":"-29.162055320636362","longitude":"-51.12230300903321","zoom":""},"REAL_HOMES_property_address":"Caxias do Sul","REAL_HOMES_property_map":"","REAL_HOMES_property_images":[{"width":150,"height":150,"file":"2022\/01\/DSC02505-scaled.jpg","sizes":{"medium":{"file":"DSC02505-300x200.jpg","width":300,"height":200,"mime-type":"image\/jpeg","url":"https:\/\/www.treviso.arq.br\/novo\/wp-content\/uploads\/2022\/01\/DSC02505-300x200.jpg"},"large":{"file":"DSC02505-1024x683.jpg","width":1024,"height":683,"mime-type":"image\/jpeg","url":"https:\/\/www.treviso.arq.br\/novo\/wp-content\/uploads\/2022\/01\/DSC02505-1024x683.jpg"},"thumbnail":{"file":"DSC02505-150x150.jpg","width":150,"height":150,"mime-type":"image\/jpeg","url":"https:\/\/www.treviso.arq.br\/novo\/wp-content\/uploads\/2022\/01\/DSC02505-150x150.jpg"},"medium_large":{"file":"DSC02505-768x512.jpg","width":768,"height":512,"mime-type":"image\/jpeg","url":"https:\/\/www.treviso.arq.br\/novo\/wp-content\/uploads\/2022\/01\/DSC02505-768x512.jpg"},"1536x1536":{"file":"DSC02505-1536x1024.jpg","width":1536,"height":1024,"mime-type":"image\/jpeg","url":"https:\/\/www.treviso.arq.br\/novo\/wp-content\/uploads\/2022\/01\/DSC02505-1536x1024.jpg"},"2048x2048":{"file":"DSC02505-2048x1365.jpg","width":2048,"height":1365,"mime-type":"image\/jpeg","url":"https:\/\/www.treviso.arq.br\/novo\/wp-content\/uploads\/2022\/01\/DSC02505-2048x1365.jpg"},"post-thumbnail":{"file":"DSC02505-150x100.jpg","width":150,"height":100,"mime-type":"image\/jpeg","url":"https:\/\/www.treviso.arq.br\/novo\/wp-content\/uploads\/2022\/01\/DSC02505-150x100.jpg"},"modern-property-child-slider":{"file":"DSC02505-680x510.jpg","width":680,"height":510,"mime-type":"image\/jpeg","url":"https:\/\/www.treviso.arq.br\/novo\/wp-content\/uploads\/2022\/01\/DSC02505-680x510.jpg"},"property-thumb-image":{"file":"DSC02505-488x326.jpg","width":488,"height":326,"mime-type":"image\/jpeg","url":"https:\/\/www.treviso.arq.br\/novo\/wp-content\/uploads\/2022\/01\/DSC02505-488x326.jpg"},"property-detail-video-image":{"file":"DSC02505-818x417.jpg","width":818,"height":417,"mime-type":"image\/jpeg","url":"https:\/\/www.treviso.arq.br\/novo\/wp-content\/uploads\/2022\/01\/DSC02505-818x417.jpg"},"agent-image":{"file":"DSC02505-210x210.jpg","width":210,"height":210,"mime-type":"image\/jpeg","url":"https:\/\/www.treviso.arq.br\/novo\/wp-content\/uploads\/2022\/01\/DSC02505-210x210.jpg"},"partners-logo":{"file":"DSC02505-600x2582.jpg","width":600,"height":2582,"mime-type":"image\/jpeg","url":"https:\/\/www.treviso.arq.br\/novo\/wp-content\/uploads\/2022\/01\/DSC02505-600x2582.jpg"},"post-featured-image":{"file":"DSC02505-1240x720.jpg","width":1240,"height":720,"mime-type":"image\/jpeg","url":"https:\/\/www.treviso.arq.br\/novo\/wp-content\/uploads\/2022\/01\/DSC02505-1240x720.jpg"}},"image_meta":{"aperture":"5","credit":"","camera":"ILCE-7M3","caption":"","created_timestamp":"1535577527","copyright":"","focal_length":"35","iso":"100","shutter_speed":"0.001","title":"","orientation":"0","keywords":[]},"original_image":"DSC02505.jpg","ID":"6426","name":"DSC02505-scaled.jpg","path":"\/home\/treviso\/www\/novo\/wp-content\/uploads\/2022\/01\/DSC02505-scaled.jpg","url":"https:\/\/www.treviso.arq.br\/novo\/wp-content\/uploads\/2022\/01\/DSC02505-150x150.jpg","full_url":"https:\/\/www.treviso.arq.br\/novo\/wp-content\/uploads\/2022\/01\/DSC02505-scaled.jpg","title":"DSC02505","caption":"","description":"","alt":"","srcset":"https:\/\/www.treviso.arq.br\/novo\/wp-content\/uploads\/2022\/01\/DSC02505-150x150.jpg 150w, https:\/\/www.treviso.arq.br\/novo\/wp-content\/uploads\/2022\/01\/DSC02505-210x210.jpg 210w"},{"width":150,"height":150,"file":"2022\/01\/DSC02512-scaled.jpg","sizes":{"medium":{"file":"DSC02512-300x200.jpg","width":300,"height":200,"mime-type":"image\/jpeg","url":"https:\/\/www.treviso.arq.br\/novo\/wp-content\/uploads\/2022\/01\/DSC02512-300x200.jpg"},"large":{"file":"DSC02512-1024x683.jpg","width":1024,"height":683,"mime-type":"image\/jpeg","url":"https:\/\/www.treviso.arq.br\/novo\/wp-content\/uploads\/2022\/01\/DSC02512-1024x683.jpg"},"thumbnail":{"file":"DSC02512-150x150.jpg","width":150,"height":150,"mime-type":"image\/jpeg","url":"https:\/\/www.treviso.arq.br\/novo\/wp-content\/uploads\/2022\/01\/DSC02512-150x150.jpg"},"medium_large":{"file":"DSC02512-768x512.jpg","width":768,"height":512,"mime-type":"image\/jpeg","url":"https:\/\/www.treviso.arq.br\/novo\/wp-content\/uploads\/2022\/01\/DSC02512-768x512.jpg"},"1536x1536":{"file":"DSC02512-1536x1024.jpg","width":1536,"height":1024,"mime-type":"image\/jpeg","url":"https:\/\/www.treviso.arq.br\/novo\/wp-content\/uploads\/2022\/01\/DSC02512-1536x1024.jpg"},"2048x2048":{"file":"DSC02512-2048x1365.jpg","width":2048,"height":1365,"mime-type":"image\/jpeg","url":"https:\/\/www.treviso.arq.br\/novo\/wp-content\/uploads\/2022\/01\/DSC02512-2048x1365.jpg"},"post-thumbnail":{"file":"DSC02512-150x100.jpg","width":150,"height":100,"mime-type":"image\/jpeg","url":"https:\/\/www.treviso.arq.br\/novo\/wp-content\/uploads\/2022\/01\/DSC02512-150x100.jpg"},"modern-property-child-slider":{"file":"DSC02512-680x510.jpg","width":680,"height":510,"mime-type":"image\/jpeg","url":"https:\/\/www.treviso.arq.br\/novo\/wp-content\/uploads\/2022\/01\/DSC02512-680x510.jpg"},"property-thumb-image":{"file":"DSC02512-488x326.jpg","width":488,"height":326,"mime-type":"image\/jpeg","url":"https:\/\/www.treviso.arq.br\/novo\/wp-content\/uploads\/2022\/01\/DSC02512-488x326.jpg"},"property-detail-video-image":{"file":"DSC02512-818x417.jpg","width":818,"height":417,"mime-type":"image\/jpeg","url":"https:\/\/www.treviso.arq.br\/novo\/wp-content\/uploads\/2022\/01\/DSC02512-818x417.jpg"},"agent-image":{"file":"DSC02512-210x210.jpg","width":210,"height":210,"mime-type":"image\/jpeg","url":"https:\/\/www.treviso.arq.br\/novo\/wp-content\/uploads\/2022\/01\/DSC02512-210x210.jpg"},"partners-logo":{"file":"DSC02512-600x2582.jpg","width":600,"height":2582,"mime-type":"image\/jpeg","url":"https:\/\/www.treviso.arq.br\/novo\/wp-content\/uploads\/2022\/01\/DSC02512-600x2582.jpg"},"post-featured-image":{"file":"DSC02512-1240x720.jpg","width":1240,"height":720,"mime-type":"image\/jpeg","url":"https:\/\/www.treviso.arq.br\/novo\/wp-content\/uploads\/2022\/01\/DSC02512-1240x720.jpg"}},"image_meta":{"aperture":"5","credit":"","camera":"ILCE-7M3","caption":"","created_timestamp":"1535577753","copyright":"","focal_length":"16","iso":"100","shutter_speed":"0.0008","title":"","orientation":"0","keywords":[]},"original_image":"DSC02512.jpg","ID":"6427","name":"DSC02512-scaled.jpg","path":"\/home\/treviso\/www\/novo\/wp-content\/uploads\/2022\/01\/DSC02512-scaled.jpg","url":"https:\/\/www.treviso.arq.br\/novo\/wp-content\/uploads\/2022\/01\/DSC02512-150x150.jpg","full_url":"https:\/\/www.treviso.arq.br\/novo\/wp-content\/uploads\/2022\/01\/DSC02512-scaled.jpg","title":"DSC02512","caption":"","description":"","alt":"","srcset":"https:\/\/www.treviso.arq.br\/novo\/wp-content\/uploads\/2022\/01\/DSC02512-150x150.jpg 150w, https:\/\/www.treviso.arq.br\/novo\/wp-content\/uploads\/2022\/01\/DSC02512-210x210.jpg 210w"}],"REAL_HOMES_change_gallery_slider_type":"0","REAL_HOMES_gallery_slider_type":"","inspiry_floor_plans":[],"inspiry_video_group":[{"inspiry_video_group_url":"https:\/\/youtu.be\/SET6f8cgOuk","inspiry_video_group_title":"CASA SR"}],"REAL_HOMES_360_virtual_tour":"","REAL_HOMES_agent_display_option":"agent_info","REAL_HOMES_agents":["5748"],"REAL_HOMES_energy_class":"none","REAL_HOMES_energy_performance":"","REAL_HOMES_epc_current_rating":"","REAL_HOMES_epc_potential_rating":"","ere_property_schedule_tour":"","ere_property_schedule_time_slots":"","ere_property_schedule_description":"","REAL_HOMES_sticky":"","inspiry_property_label":"","inspiry_property_label_color":"","inspiry_property_tax":"","inspiry_additional_fee":"","REAL_HOMES_attachments":[],"inspiry_property_owner_name":"","inspiry_property_owner_contact":"","inspiry_property_owner_address":"","REAL_HOMES_property_private_note":"","inspiry_message_to_reviewer":"","REAL_HOMES_add_in_slider":"no","REAL_HOMES_slider_image":[],"REAL_HOMES_page_banner_image":[],"REAL_HOMES_hide_property_advance_search":"","REAL_HOMES_custom_header_display":"","REAL_HOMES_custom_header_position":"","REAL_HOMES_custom_footer_display":"","REAL_HOMES_hide_advance_search":"","REAL_HOMES_custom_search_form":"","REAL_HOMES_search_form_margin_top":"","REAL_HOMES_search_form_margin_bottom":""},"_links":{"self":[{"href":"https:\/\/www.treviso.arq.br\/novo\/wp-json\/wp\/v2\/imovel\/6428","targetHints":{"allow":["GET"]}}],"collection":[{"href":"https:\/\/www.treviso.arq.br\/novo\/wp-json\/wp\/v2\/imovel"}],"about":[{"href":"https:\/\/www.treviso.arq.br\/novo\/wp-json\/wp\/v2\/types\/property"}],"author":[{"embeddable":true,"href":"https:\/\/www.treviso.arq.br\/novo\/wp-json\/wp\/v2\/users\/5"}],"replies":[{"embeddable":true,"href":"https:\/\/www.treviso.arq.br\/novo\/wp-json\/wp\/v2\/comments?post=6428"}],"version-history":[{"count":1,"href":"https:\/\/www.treviso.arq.br\/novo\/wp-json\/wp\/v2\/imovel\/6428\/revisions"}],"predecessor-version":[{"id":6456,"href":"https:\/\/www.treviso.arq.br\/novo\/wp-json\/wp\/v2\/imovel\/6428\/revisions\/6456"}],"wp:featuredmedia":[{"embeddable":true,"href":"https:\/\/www.treviso.arq.br\/novo\/wp-json\/wp\/v2\/media\/6426"}],"wp:attachment":[{"href":"https:\/\/www.treviso.arq.br\/novo\/wp-json\/wp\/v2\/media?parent=6428"}],"wp:term":[{"taxonomy":"property-feature","embeddable":true,"href":"https:\/\/www.treviso.arq.br\/novo\/wp-json\/wp\/v2\/imovel-caracteristicas?post=6428"},{"taxonomy":"property-type","embeddable":true,"href":"https:\/\/www.treviso.arq.br\/novo\/wp-json\/wp\/v2\/imovel-tipo?post=6428"},{"taxonomy":"property-city","embeddable":true,"href":"https:\/\/www.treviso.arq.br\/novo\/wp-json\/wp\/v2\/localizacao-imovel?post=6428"},{"taxonomy":"property-status","embeddable":true,"href":"https:\/\/www.treviso.arq.br\/novo\/wp-json\/wp\/v2\/imovel-estado?post=6428"}],"curies":[{"name":"wp","href":"https:\/\/api.w.org\/{rel}","templated":true}]}}

<pre>Execução Treviso Arquitetura e Construção Ltda.</pre>

<p>Execução Treviso Arquitetura e Construção Ltda.</p>
