{"id":6699,"date":"2022-06-03T11:02:24","date_gmt":"2022-06-03T14:02:24","guid":{"rendered":"http:\/\/www.treviso.arq.br\/novo\/imovel\/drsul-santa-cruz\/"},"modified":"2022-08-01T17:16:47","modified_gmt":"2022-08-01T20:16:47","slug":"drsul-santa-cruz","status":"publish","type":"property","link":"https:\/\/www.treviso.arq.br\/novo\/imovel\/drsul-santa-cruz\/","title":{"rendered":"DRSUL SANTA CRUZ"},"content":{"rendered":"<p>Projeto Luciano Antoniazzi Abaid<\/p>\n<p>Execu\u00e7\u00e3o Treviso Arquitetura e Constru\u00e7\u00e3o Ltda<\/p>\n","protected":false},"excerpt":{"rendered":"<p>Projeto Luciano Antoniazzi Abaid Execu\u00e7\u00e3o Treviso Arquitetura e Constru\u00e7\u00e3o Ltda<\/p>\n","protected":false},"author":5,"featured_media":6698,"parent":0,"menu_order":0,"comment_status":"closed","ping_status":"closed","template":"","imovel-caracteristicas":[],"imovel-tipo":[24],"localizacao-imovel":[],"imovel-estado":[],"class_list":["post-6699","property","type-property","status-publish","has-post-thumbnail","hentry","property-type-comerciais"],"property_meta":{"REAL_HOMES_property_price":"","REAL_HOMES_property_old_price":"","REAL_HOMES_property_price_prefix":"","REAL_HOMES_property_price_postfix":"","REAL_HOMES_property_size":"982","REAL_HOMES_property_size_postfix":"m\u00b2","REAL_HOMES_property_lot_size":"","REAL_HOMES_property_lot_size_postfix":"","REAL_HOMES_property_bedrooms":"","REAL_HOMES_property_bathrooms":"","REAL_HOMES_property_garage":"","REAL_HOMES_property_id":"IM-6699","REAL_HOMES_property_year_built":"2004","REAL_HOMES_featured":"0","REAL_HOMES_additional_details_list":[],"REAL_HOMES_property_location":{"latitude":"-29.158548163191234","longitude":" -51.18574885345956","zoom":""},"REAL_HOMES_property_address":"Santa Cruz do Sul","REAL_HOMES_property_map":"","REAL_HOMES_property_images":[{"width":150,"height":150,"file":"2022\/06\/01-scaled.jpg","filesize":824177,"sizes":{"medium":{"file":"01-300x225.jpg","width":300,"height":225,"mime-type":"image\/jpeg","filesize":27712,"url":"https:\/\/www.treviso.arq.br\/novo\/wp-content\/uploads\/2022\/06\/01-300x225.jpg"},"large":{"file":"01-1024x768.jpg","width":1024,"height":768,"mime-type":"image\/jpeg","filesize":154069,"url":"https:\/\/www.treviso.arq.br\/novo\/wp-content\/uploads\/2022\/06\/01-1024x768.jpg"},"thumbnail":{"file":"01-150x150.jpg","width":150,"height":150,"mime-type":"image\/jpeg","filesize":19202,"url":"https:\/\/www.treviso.arq.br\/novo\/wp-content\/uploads\/2022\/06\/01-150x150.jpg"},"medium_large":{"file":"01-768x576.jpg","width":768,"height":576,"mime-type":"image\/jpeg","filesize":92446,"url":"https:\/\/www.treviso.arq.br\/novo\/wp-content\/uploads\/2022\/06\/01-768x576.jpg"},"1536x1536":{"file":"01-1536x1152.jpg","width":1536,"height":1152,"mime-type":"image\/jpeg","filesize":328005,"url":"https:\/\/www.treviso.arq.br\/novo\/wp-content\/uploads\/2022\/06\/01-1536x1152.jpg"},"2048x2048":{"file":"01-2048x1536.jpg","width":2048,"height":1536,"mime-type":"image\/jpeg","filesize":554712,"url":"https:\/\/www.treviso.arq.br\/novo\/wp-content\/uploads\/2022\/06\/01-2048x1536.jpg"},"post-thumbnail":{"file":"01-150x113.jpg","width":150,"height":113,"mime-type":"image\/jpeg","filesize":18739,"url":"https:\/\/www.treviso.arq.br\/novo\/wp-content\/uploads\/2022\/06\/01-150x113.jpg"},"modern-property-child-slider":{"file":"01-680x510.jpg","width":680,"height":510,"mime-type":"image\/jpeg","filesize":76274,"url":"https:\/\/www.treviso.arq.br\/novo\/wp-content\/uploads\/2022\/06\/01-680x510.jpg"},"property-thumb-image":{"file":"01-488x326.jpg","width":488,"height":326,"mime-type":"image\/jpeg","filesize":44208,"url":"https:\/\/www.treviso.arq.br\/novo\/wp-content\/uploads\/2022\/06\/01-488x326.jpg"},"property-detail-video-image":{"file":"01-818x417.jpg","width":818,"height":417,"mime-type":"image\/jpeg","filesize":80773,"url":"https:\/\/www.treviso.arq.br\/novo\/wp-content\/uploads\/2022\/06\/01-818x417.jpg"},"agent-image":{"file":"01-210x210.jpg","width":210,"height":210,"mime-type":"image\/jpeg","filesize":22943,"url":"https:\/\/www.treviso.arq.br\/novo\/wp-content\/uploads\/2022\/06\/01-210x210.jpg"},"partners-logo":{"file":"01-600x1944.jpg","width":600,"height":1944,"mime-type":"image\/jpeg","filesize":230102,"url":"https:\/\/www.treviso.arq.br\/novo\/wp-content\/uploads\/2022\/06\/01-600x1944.jpg"},"post-featured-image":{"file":"01-1240x720.jpg","width":1240,"height":720,"mime-type":"image\/jpeg","filesize":175700,"url":"https:\/\/www.treviso.arq.br\/novo\/wp-content\/uploads\/2022\/06\/01-1240x720.jpg"}},"image_meta":{"aperture":"6.3","credit":"","camera":"DSC-P150","caption":"","created_timestamp":"1136563021","copyright":"","focal_length":"10.7","iso":"100","shutter_speed":"0.0025","title":"","orientation":"1","keywords":[]},"original_image":"01.jpg","ID":"6698","name":"01-scaled.jpg","path":"\/home\/treviso\/www\/novo\/wp-content\/uploads\/2022\/06\/01-scaled.jpg","url":"https:\/\/www.treviso.arq.br\/novo\/wp-content\/uploads\/2022\/06\/01-150x150.jpg","full_url":"https:\/\/www.treviso.arq.br\/novo\/wp-content\/uploads\/2022\/06\/01-scaled.jpg","title":"01","caption":"","description":"","alt":"","srcset":"https:\/\/www.treviso.arq.br\/novo\/wp-content\/uploads\/2022\/06\/01-150x150.jpg 150w, https:\/\/www.treviso.arq.br\/novo\/wp-content\/uploads\/2022\/06\/01-210x210.jpg 210w"}],"REAL_HOMES_change_gallery_slider_type":"0","REAL_HOMES_gallery_slider_type":"","inspiry_floor_plans":[],"inspiry_video_group":[{"inspiry_video_group_url":"https:\/\/youtu.be\/4HxquxEW204","inspiry_video_group_title":"DRSUL SANTA CRUZ"}],"REAL_HOMES_360_virtual_tour":"","REAL_HOMES_agent_display_option":"agent_info","REAL_HOMES_agents":["5748"],"REAL_HOMES_energy_class":"none","REAL_HOMES_energy_performance":"","REAL_HOMES_epc_current_rating":"","REAL_HOMES_epc_potential_rating":"","ere_property_schedule_tour":"","ere_property_schedule_time_slots":"","ere_property_schedule_description":"","REAL_HOMES_sticky":"","inspiry_property_label":"","inspiry_property_label_color":"","inspiry_property_tax":"","inspiry_additional_fee":"","REAL_HOMES_attachments":[],"inspiry_property_owner_name":"","inspiry_property_owner_contact":"","inspiry_property_owner_address":"","REAL_HOMES_property_private_note":"","inspiry_message_to_reviewer":"","REAL_HOMES_add_in_slider":"no","REAL_HOMES_slider_image":[],"REAL_HOMES_page_banner_image":[],"REAL_HOMES_hide_property_advance_search":"","REAL_HOMES_custom_header_display":"","REAL_HOMES_custom_header_position":"","REAL_HOMES_custom_footer_display":"","REAL_HOMES_hide_advance_search":"","REAL_HOMES_custom_search_form":"","REAL_HOMES_search_form_margin_top":"","REAL_HOMES_search_form_margin_bottom":""},"_links":{"self":[{"href":"https:\/\/www.treviso.arq.br\/novo\/wp-json\/wp\/v2\/imovel\/6699","targetHints":{"allow":["GET"]}}],"collection":[{"href":"https:\/\/www.treviso.arq.br\/novo\/wp-json\/wp\/v2\/imovel"}],"about":[{"href":"https:\/\/www.treviso.arq.br\/novo\/wp-json\/wp\/v2\/types\/property"}],"author":[{"embeddable":true,"href":"https:\/\/www.treviso.arq.br\/novo\/wp-json\/wp\/v2\/users\/5"}],"replies":[{"embeddable":true,"href":"https:\/\/www.treviso.arq.br\/novo\/wp-json\/wp\/v2\/comments?post=6699"}],"version-history":[{"count":1,"href":"https:\/\/www.treviso.arq.br\/novo\/wp-json\/wp\/v2\/imovel\/6699\/revisions"}],"predecessor-version":[{"id":6813,"href":"https:\/\/www.treviso.arq.br\/novo\/wp-json\/wp\/v2\/imovel\/6699\/revisions\/6813"}],"wp:featuredmedia":[{"embeddable":true,"href":"https:\/\/www.treviso.arq.br\/novo\/wp-json\/wp\/v2\/media\/6698"}],"wp:attachment":[{"href":"https:\/\/www.treviso.arq.br\/novo\/wp-json\/wp\/v2\/media?parent=6699"}],"wp:term":[{"taxonomy":"property-feature","embeddable":true,"href":"https:\/\/www.treviso.arq.br\/novo\/wp-json\/wp\/v2\/imovel-caracteristicas?post=6699"},{"taxonomy":"property-type","embeddable":true,"href":"https:\/\/www.treviso.arq.br\/novo\/wp-json\/wp\/v2\/imovel-tipo?post=6699"},{"taxonomy":"property-city","embeddable":true,"href":"https:\/\/www.treviso.arq.br\/novo\/wp-json\/wp\/v2\/localizacao-imovel?post=6699"},{"taxonomy":"property-status","embeddable":true,"href":"https:\/\/www.treviso.arq.br\/novo\/wp-json\/wp\/v2\/imovel-estado?post=6699"}],"curies":[{"name":"wp","href":"https:\/\/api.w.org\/{rel}","templated":true}]}}

<p>Projeto Luciano Antoniazzi Abaid</p>
<p>Execução Treviso Arquitetura e Construção Ltda</p>

<p>Projeto Luciano Antoniazzi Abaid Execução Treviso Arquitetura e Construção Ltda</p>
