{"id":6762,"date":"2022-06-30T10:55:21","date_gmt":"2022-06-30T13:55:21","guid":{"rendered":"http:\/\/www.treviso.arq.br\/novo\/imovel\/casa-jl\/"},"modified":"2022-08-01T17:16:46","modified_gmt":"2022-08-01T20:16:46","slug":"casa-jl","status":"publish","type":"property","link":"https:\/\/www.treviso.arq.br\/novo\/imovel\/casa-jl\/","title":{"rendered":"CASA JL"},"content":{"rendered":"<p>Projeto Luciano Antoniazzi Abaid<\/p>\n<p>Execu\u00e7\u00e3o Treviso Arquitetura e Constru\u00e7\u00e3o Ltda<\/p>\n","protected":false},"excerpt":{"rendered":"<p>Projeto Luciano Antoniazzi Abaid Execu\u00e7\u00e3o Treviso Arquitetura e Constru\u00e7\u00e3o Ltda<\/p>\n","protected":false},"author":5,"featured_media":6760,"parent":0,"menu_order":0,"comment_status":"closed","ping_status":"closed","template":"","imovel-caracteristicas":[],"imovel-tipo":[48,43],"localizacao-imovel":[62],"imovel-estado":[],"class_list":["post-6762","property","type-property","status-publish","has-post-thumbnail","hentry","property-type-casas","property-type-residenciais","property-city-caxias-do-sul"],"property_meta":{"REAL_HOMES_property_price":"","REAL_HOMES_property_old_price":"","REAL_HOMES_property_price_prefix":"","REAL_HOMES_property_price_postfix":"","REAL_HOMES_property_size":"280","REAL_HOMES_property_size_postfix":"m\u00b2","REAL_HOMES_property_lot_size":"","REAL_HOMES_property_lot_size_postfix":"","REAL_HOMES_property_bedrooms":"","REAL_HOMES_property_bathrooms":"","REAL_HOMES_property_garage":"","REAL_HOMES_property_id":"IM-6762","REAL_HOMES_property_year_built":"","REAL_HOMES_featured":"0","REAL_HOMES_additional_details_list":[],"REAL_HOMES_property_location":{"latitude":"-29.167133140050183","longitude":"-51.174616813659675","zoom":""},"REAL_HOMES_property_address":"Caxias do Sul","REAL_HOMES_property_map":"","REAL_HOMES_property_images":[{"width":150,"height":150,"file":"2022\/06\/IMG_8642-scaled.jpg","filesize":651601,"sizes":{"medium":{"file":"IMG_8642-300x225.jpg","width":300,"height":225,"mime-type":"image\/jpeg","filesize":22866,"url":"https:\/\/www.treviso.arq.br\/novo\/wp-content\/uploads\/2022\/06\/IMG_8642-300x225.jpg"},"large":{"file":"IMG_8642-1024x768.jpg","width":1024,"height":768,"mime-type":"image\/jpeg","filesize":124831,"url":"https:\/\/www.treviso.arq.br\/novo\/wp-content\/uploads\/2022\/06\/IMG_8642-1024x768.jpg"},"thumbnail":{"file":"IMG_8642-150x150.jpg","width":150,"height":150,"mime-type":"image\/jpeg","filesize":15089,"url":"https:\/\/www.treviso.arq.br\/novo\/wp-content\/uploads\/2022\/06\/IMG_8642-150x150.jpg"},"medium_large":{"file":"IMG_8642-768x576.jpg","width":768,"height":576,"mime-type":"image\/jpeg","filesize":77289,"url":"https:\/\/www.treviso.arq.br\/novo\/wp-content\/uploads\/2022\/06\/IMG_8642-768x576.jpg"},"1536x1536":{"file":"IMG_8642-1536x1152.jpg","width":1536,"height":1152,"mime-type":"image\/jpeg","filesize":253333,"url":"https:\/\/www.treviso.arq.br\/novo\/wp-content\/uploads\/2022\/06\/IMG_8642-1536x1152.jpg"},"2048x2048":{"file":"IMG_8642-2048x1536.jpg","width":2048,"height":1536,"mime-type":"image\/jpeg","filesize":427819,"url":"https:\/\/www.treviso.arq.br\/novo\/wp-content\/uploads\/2022\/06\/IMG_8642-2048x1536.jpg"},"post-thumbnail":{"file":"IMG_8642-150x113.jpg","width":150,"height":113,"mime-type":"image\/jpeg","filesize":14069,"url":"https:\/\/www.treviso.arq.br\/novo\/wp-content\/uploads\/2022\/06\/IMG_8642-150x113.jpg"},"modern-property-child-slider":{"file":"IMG_8642-680x510.jpg","width":680,"height":510,"mime-type":"image\/jpeg","filesize":64400,"url":"https:\/\/www.treviso.arq.br\/novo\/wp-content\/uploads\/2022\/06\/IMG_8642-680x510.jpg"},"property-thumb-image":{"file":"IMG_8642-488x326.jpg","width":488,"height":326,"mime-type":"image\/jpeg","filesize":37801,"url":"https:\/\/www.treviso.arq.br\/novo\/wp-content\/uploads\/2022\/06\/IMG_8642-488x326.jpg"},"property-detail-video-image":{"file":"IMG_8642-818x417.jpg","width":818,"height":417,"mime-type":"image\/jpeg","filesize":69709,"url":"https:\/\/www.treviso.arq.br\/novo\/wp-content\/uploads\/2022\/06\/IMG_8642-818x417.jpg"},"agent-image":{"file":"IMG_8642-210x210.jpg","width":210,"height":210,"mime-type":"image\/jpeg","filesize":19137,"url":"https:\/\/www.treviso.arq.br\/novo\/wp-content\/uploads\/2022\/06\/IMG_8642-210x210.jpg"},"partners-logo":{"file":"IMG_8642-600x2592.jpg","width":600,"height":2592,"mime-type":"image\/jpeg","filesize":266742,"url":"https:\/\/www.treviso.arq.br\/novo\/wp-content\/uploads\/2022\/06\/IMG_8642-600x2592.jpg"},"post-featured-image":{"file":"IMG_8642-1240x720.jpg","width":1240,"height":720,"mime-type":"image\/jpeg","filesize":148028,"url":"https:\/\/www.treviso.arq.br\/novo\/wp-content\/uploads\/2022\/06\/IMG_8642-1240x720.jpg"}},"image_meta":{"aperture":"4.5","credit":"","camera":"Canon PowerShot G10","caption":"","created_timestamp":"1283707737","copyright":"","focal_length":"8.898","iso":"800","shutter_speed":"0.002","title":"","orientation":"1","keywords":[]},"original_image":"IMG_8642.jpg","ID":"6760","name":"IMG_8642-scaled.jpg","path":"\/home\/treviso\/www\/novo\/wp-content\/uploads\/2022\/06\/IMG_8642-scaled.jpg","url":"https:\/\/www.treviso.arq.br\/novo\/wp-content\/uploads\/2022\/06\/IMG_8642-150x150.jpg","full_url":"https:\/\/www.treviso.arq.br\/novo\/wp-content\/uploads\/2022\/06\/IMG_8642-scaled.jpg","title":"IMG_8642","caption":"","description":"","alt":"","srcset":"https:\/\/www.treviso.arq.br\/novo\/wp-content\/uploads\/2022\/06\/IMG_8642-150x150.jpg 150w, https:\/\/www.treviso.arq.br\/novo\/wp-content\/uploads\/2022\/06\/IMG_8642-210x210.jpg 210w"},{"width":150,"height":150,"file":"2022\/06\/obras-024.jpg","filesize":843781,"sizes":{"medium":{"file":"obras-024-225x300.jpg","width":225,"height":300,"mime-type":"image\/jpeg","filesize":22610,"url":"https:\/\/www.treviso.arq.br\/novo\/wp-content\/uploads\/2022\/06\/obras-024-225x300.jpg"},"large":{"file":"obras-024-768x1024.jpg","width":768,"height":1024,"mime-type":"image\/jpeg","filesize":141555,"url":"https:\/\/www.treviso.arq.br\/novo\/wp-content\/uploads\/2022\/06\/obras-024-768x1024.jpg"},"thumbnail":{"file":"obras-024-150x150.jpg","width":150,"height":150,"mime-type":"image\/jpeg","filesize":12859,"url":"https:\/\/www.treviso.arq.br\/novo\/wp-content\/uploads\/2022\/06\/obras-024-150x150.jpg"},"medium_large":{"file":"obras-024-768x1024.jpg","width":768,"height":1024,"mime-type":"image\/jpeg","filesize":141555,"url":"https:\/\/www.treviso.arq.br\/novo\/wp-content\/uploads\/2022\/06\/obras-024-768x1024.jpg"},"1536x1536":{"file":"obras-024-1152x1536.jpg","width":1152,"height":1536,"mime-type":"image\/jpeg","filesize":270642,"url":"https:\/\/www.treviso.arq.br\/novo\/wp-content\/uploads\/2022\/06\/obras-024-1152x1536.jpg"},"post-thumbnail":{"file":"obras-024-113x150.jpg","width":113,"height":150,"mime-type":"image\/jpeg","filesize":11575,"url":"https:\/\/www.treviso.arq.br\/novo\/wp-content\/uploads\/2022\/06\/obras-024-113x150.jpg"},"modern-property-child-slider":{"file":"obras-024-680x510.jpg","width":680,"height":510,"mime-type":"image\/jpeg","filesize":72605,"url":"https:\/\/www.treviso.arq.br\/novo\/wp-content\/uploads\/2022\/06\/obras-024-680x510.jpg"},"property-thumb-image":{"file":"obras-024-488x326.jpg","width":488,"height":326,"mime-type":"image\/jpeg","filesize":38795,"url":"https:\/\/www.treviso.arq.br\/novo\/wp-content\/uploads\/2022\/06\/obras-024-488x326.jpg"},"property-detail-video-image":{"file":"obras-024-818x417.jpg","width":818,"height":417,"mime-type":"image\/jpeg","filesize":69037,"url":"https:\/\/www.treviso.arq.br\/novo\/wp-content\/uploads\/2022\/06\/obras-024-818x417.jpg"},"agent-image":{"file":"obras-024-210x210.jpg","width":210,"height":210,"mime-type":"image\/jpeg","filesize":17753,"url":"https:\/\/www.treviso.arq.br\/novo\/wp-content\/uploads\/2022\/06\/obras-024-210x210.jpg"},"partners-logo":{"file":"obras-024-600x1600.jpg","width":600,"height":1600,"mime-type":"image\/jpeg","filesize":160997,"url":"https:\/\/www.treviso.arq.br\/novo\/wp-content\/uploads\/2022\/06\/obras-024-600x1600.jpg"},"post-featured-image":{"file":"obras-024-1200x720.jpg","width":1200,"height":720,"mime-type":"image\/jpeg","filesize":150332,"url":"https:\/\/www.treviso.arq.br\/novo\/wp-content\/uploads\/2022\/06\/obras-024-1200x720.jpg"}},"image_meta":{"aperture":"2.8","credit":"","camera":"Canon PowerShot A200","caption":"","created_timestamp":"1117721814","copyright":"","focal_length":"5","iso":"0","shutter_speed":"0.00625","title":"","orientation":"0","keywords":[]},"ID":"6761","name":"obras-024.jpg","path":"\/home\/treviso\/www\/novo\/wp-content\/uploads\/2022\/06\/obras-024.jpg","url":"https:\/\/www.treviso.arq.br\/novo\/wp-content\/uploads\/2022\/06\/obras-024-150x150.jpg","full_url":"https:\/\/www.treviso.arq.br\/novo\/wp-content\/uploads\/2022\/06\/obras-024.jpg","title":"obras 024","caption":"","description":"","alt":"","srcset":"https:\/\/www.treviso.arq.br\/novo\/wp-content\/uploads\/2022\/06\/obras-024-150x150.jpg 150w, https:\/\/www.treviso.arq.br\/novo\/wp-content\/uploads\/2022\/06\/obras-024-210x210.jpg 210w"}],"REAL_HOMES_change_gallery_slider_type":"0","REAL_HOMES_gallery_slider_type":"","inspiry_floor_plans":[],"inspiry_video_group":[],"REAL_HOMES_360_virtual_tour":"","REAL_HOMES_agent_display_option":"agent_info","REAL_HOMES_agents":["5748"],"REAL_HOMES_energy_class":"none","REAL_HOMES_energy_performance":"","REAL_HOMES_epc_current_rating":"","REAL_HOMES_epc_potential_rating":"","ere_property_schedule_tour":"","ere_property_schedule_time_slots":"","ere_property_schedule_description":"","REAL_HOMES_sticky":"","inspiry_property_label":"","inspiry_property_label_color":"","inspiry_property_tax":"","inspiry_additional_fee":"","REAL_HOMES_attachments":[],"inspiry_property_owner_name":"","inspiry_property_owner_contact":"","inspiry_property_owner_address":"","REAL_HOMES_property_private_note":"","inspiry_message_to_reviewer":"","REAL_HOMES_add_in_slider":"no","REAL_HOMES_slider_image":[],"REAL_HOMES_page_banner_image":[],"REAL_HOMES_hide_property_advance_search":"","REAL_HOMES_custom_header_display":"","REAL_HOMES_custom_header_position":"","REAL_HOMES_custom_footer_display":"","REAL_HOMES_hide_advance_search":"","REAL_HOMES_custom_search_form":"","REAL_HOMES_search_form_margin_top":"","REAL_HOMES_search_form_margin_bottom":""},"_links":{"self":[{"href":"https:\/\/www.treviso.arq.br\/novo\/wp-json\/wp\/v2\/imovel\/6762","targetHints":{"allow":["GET"]}}],"collection":[{"href":"https:\/\/www.treviso.arq.br\/novo\/wp-json\/wp\/v2\/imovel"}],"about":[{"href":"https:\/\/www.treviso.arq.br\/novo\/wp-json\/wp\/v2\/types\/property"}],"author":[{"embeddable":true,"href":"https:\/\/www.treviso.arq.br\/novo\/wp-json\/wp\/v2\/users\/5"}],"replies":[{"embeddable":true,"href":"https:\/\/www.treviso.arq.br\/novo\/wp-json\/wp\/v2\/comments?post=6762"}],"version-history":[{"count":1,"href":"https:\/\/www.treviso.arq.br\/novo\/wp-json\/wp\/v2\/imovel\/6762\/revisions"}],"predecessor-version":[{"id":6802,"href":"https:\/\/www.treviso.arq.br\/novo\/wp-json\/wp\/v2\/imovel\/6762\/revisions\/6802"}],"wp:featuredmedia":[{"embeddable":true,"href":"https:\/\/www.treviso.arq.br\/novo\/wp-json\/wp\/v2\/media\/6760"}],"wp:attachment":[{"href":"https:\/\/www.treviso.arq.br\/novo\/wp-json\/wp\/v2\/media?parent=6762"}],"wp:term":[{"taxonomy":"property-feature","embeddable":true,"href":"https:\/\/www.treviso.arq.br\/novo\/wp-json\/wp\/v2\/imovel-caracteristicas?post=6762"},{"taxonomy":"property-type","embeddable":true,"href":"https:\/\/www.treviso.arq.br\/novo\/wp-json\/wp\/v2\/imovel-tipo?post=6762"},{"taxonomy":"property-city","embeddable":true,"href":"https:\/\/www.treviso.arq.br\/novo\/wp-json\/wp\/v2\/localizacao-imovel?post=6762"},{"taxonomy":"property-status","embeddable":true,"href":"https:\/\/www.treviso.arq.br\/novo\/wp-json\/wp\/v2\/imovel-estado?post=6762"}],"curies":[{"name":"wp","href":"https:\/\/api.w.org\/{rel}","templated":true}]}}

<p>Projeto Luciano Antoniazzi Abaid</p>
<p>Execução Treviso Arquitetura e Construção Ltda</p>

<p>Projeto Luciano Antoniazzi Abaid Execução Treviso Arquitetura e Construção Ltda</p>
