{"id":6831,"date":"2022-08-18T10:38:50","date_gmt":"2022-08-18T13:38:50","guid":{"rendered":"http:\/\/www.treviso.arq.br\/novo\/imovel\/nissan-santa-cruz\/"},"modified":"2022-08-18T10:38:50","modified_gmt":"2022-08-18T13:38:50","slug":"nissan-santa-cruz","status":"publish","type":"property","link":"https:\/\/www.treviso.arq.br\/novo\/imovel\/nissan-santa-cruz\/","title":{"rendered":"NISSAN SANTA CRUZ"},"content":{"rendered":"<p>Projeto Luciano Antoniazzi Abaid<br \/>\nExecu\u00e7\u00e3o Treviso Arquitetura e Constru\u00e7\u00e3o Ltda<\/p>\n","protected":false},"excerpt":{"rendered":"<p>Projeto Luciano Antoniazzi Abaid Execu\u00e7\u00e3o Treviso Arquitetura e Constru\u00e7\u00e3o Ltda<\/p>\n","protected":false},"author":5,"featured_media":6829,"parent":0,"menu_order":0,"comment_status":"","ping_status":"closed","template":"","imovel-caracteristicas":[],"imovel-tipo":[24],"localizacao-imovel":[87],"imovel-estado":[],"class_list":["post-6831","property","type-property","status-publish","has-post-thumbnail","hentry","property-type-comerciais","property-city-santa-cruz-do-sul"],"property_meta":{"REAL_HOMES_property_price":"","REAL_HOMES_property_old_price":"","REAL_HOMES_property_price_prefix":"","REAL_HOMES_property_price_postfix":"","REAL_HOMES_property_size":"915","REAL_HOMES_property_size_postfix":"m\u00b2","REAL_HOMES_property_lot_size":"","REAL_HOMES_property_lot_size_postfix":"","REAL_HOMES_property_bedrooms":"","REAL_HOMES_property_bathrooms":"","REAL_HOMES_property_garage":"","REAL_HOMES_property_id":"IM-6831","REAL_HOMES_property_year_built":"2011","REAL_HOMES_featured":"0","REAL_HOMES_additional_details_list":[],"REAL_HOMES_property_location":{"latitude":"-29.7141869","longitude":"-52.4285914","zoom":""},"REAL_HOMES_property_address":"Santa Cruz do Sul","REAL_HOMES_property_map":"","REAL_HOMES_property_images":[{"width":150,"height":150,"file":"2022\/08\/IMG_0140-scaled.jpg","filesize":823713,"sizes":{"medium":{"file":"IMG_0140-300x224.jpg","width":300,"height":224,"mime-type":"image\/jpeg","filesize":25518,"url":"https:\/\/www.treviso.arq.br\/novo\/wp-content\/uploads\/2022\/08\/IMG_0140-300x224.jpg"},"large":{"file":"IMG_0140-1024x765.jpg","width":1024,"height":765,"mime-type":"image\/jpeg","filesize":160230,"url":"https:\/\/www.treviso.arq.br\/novo\/wp-content\/uploads\/2022\/08\/IMG_0140-1024x765.jpg"},"thumbnail":{"file":"IMG_0140-150x150.jpg","width":150,"height":150,"mime-type":"image\/jpeg","filesize":17169,"url":"https:\/\/www.treviso.arq.br\/novo\/wp-content\/uploads\/2022\/08\/IMG_0140-150x150.jpg"},"medium_large":{"file":"IMG_0140-768x574.jpg","width":768,"height":574,"mime-type":"image\/jpeg","filesize":95554,"url":"https:\/\/www.treviso.arq.br\/novo\/wp-content\/uploads\/2022\/08\/IMG_0140-768x574.jpg"},"1536x1536":{"file":"IMG_0140-1536x1147.jpg","width":1536,"height":1147,"mime-type":"image\/jpeg","filesize":336288,"url":"https:\/\/www.treviso.arq.br\/novo\/wp-content\/uploads\/2022\/08\/IMG_0140-1536x1147.jpg"},"2048x2048":{"file":"IMG_0140-2048x1530.jpg","width":2048,"height":1530,"mime-type":"image\/jpeg","filesize":561756,"url":"https:\/\/www.treviso.arq.br\/novo\/wp-content\/uploads\/2022\/08\/IMG_0140-2048x1530.jpg"},"post-thumbnail":{"file":"IMG_0140-150x112.jpg","width":150,"height":112,"mime-type":"image\/jpeg","filesize":16129,"url":"https:\/\/www.treviso.arq.br\/novo\/wp-content\/uploads\/2022\/08\/IMG_0140-150x112.jpg"},"modern-property-child-slider":{"file":"IMG_0140-680x510.jpg","width":680,"height":510,"mime-type":"image\/jpeg","filesize":77995,"url":"https:\/\/www.treviso.arq.br\/novo\/wp-content\/uploads\/2022\/08\/IMG_0140-680x510.jpg"},"property-thumb-image":{"file":"IMG_0140-488x326.jpg","width":488,"height":326,"mime-type":"image\/jpeg","filesize":43080,"url":"https:\/\/www.treviso.arq.br\/novo\/wp-content\/uploads\/2022\/08\/IMG_0140-488x326.jpg"},"property-detail-video-image":{"file":"IMG_0140-818x417.jpg","width":818,"height":417,"mime-type":"image\/jpeg","filesize":76561,"url":"https:\/\/www.treviso.arq.br\/novo\/wp-content\/uploads\/2022\/08\/IMG_0140-818x417.jpg"},"agent-image":{"file":"IMG_0140-210x210.jpg","width":210,"height":210,"mime-type":"image\/jpeg","filesize":21392,"url":"https:\/\/www.treviso.arq.br\/novo\/wp-content\/uploads\/2022\/08\/IMG_0140-210x210.jpg"},"partners-logo":{"file":"IMG_0140-600x1936.jpg","width":600,"height":1936,"mime-type":"image\/jpeg","filesize":217975,"url":"https:\/\/www.treviso.arq.br\/novo\/wp-content\/uploads\/2022\/08\/IMG_0140-600x1936.jpg"},"post-featured-image":{"file":"IMG_0140-1240x720.jpg","width":1240,"height":720,"mime-type":"image\/jpeg","filesize":176688,"url":"https:\/\/www.treviso.arq.br\/novo\/wp-content\/uploads\/2022\/08\/IMG_0140-1240x720.jpg"}},"image_meta":{"aperture":"2.4","credit":"","camera":"iPad","caption":"","created_timestamp":"1351180020","copyright":"","focal_length":"4.28","iso":"80","shutter_speed":"0.000462962962963","title":"","orientation":"1","keywords":[]},"original_image":"IMG_0140.jpg","ID":"6829","name":"IMG_0140-scaled.jpg","path":"\/home\/treviso\/www\/novo\/wp-content\/uploads\/2022\/08\/IMG_0140-scaled.jpg","url":"https:\/\/www.treviso.arq.br\/novo\/wp-content\/uploads\/2022\/08\/IMG_0140-150x150.jpg","full_url":"https:\/\/www.treviso.arq.br\/novo\/wp-content\/uploads\/2022\/08\/IMG_0140-scaled.jpg","title":"IMG_0140","caption":"","description":"","alt":"","srcset":"https:\/\/www.treviso.arq.br\/novo\/wp-content\/uploads\/2022\/08\/IMG_0140-150x150.jpg 150w, https:\/\/www.treviso.arq.br\/novo\/wp-content\/uploads\/2022\/08\/IMG_0140-210x210.jpg 210w"},{"width":150,"height":150,"file":"2022\/08\/IMG_0143-scaled.jpg","filesize":857988,"sizes":{"medium":{"file":"IMG_0143-300x224.jpg","width":300,"height":224,"mime-type":"image\/jpeg","filesize":26894,"url":"https:\/\/www.treviso.arq.br\/novo\/wp-content\/uploads\/2022\/08\/IMG_0143-300x224.jpg"},"large":{"file":"IMG_0143-1024x765.jpg","width":1024,"height":765,"mime-type":"image\/jpeg","filesize":171587,"url":"https:\/\/www.treviso.arq.br\/novo\/wp-content\/uploads\/2022\/08\/IMG_0143-1024x765.jpg"},"thumbnail":{"file":"IMG_0143-150x150.jpg","width":150,"height":150,"mime-type":"image\/jpeg","filesize":17591,"url":"https:\/\/www.treviso.arq.br\/novo\/wp-content\/uploads\/2022\/08\/IMG_0143-150x150.jpg"},"medium_large":{"file":"IMG_0143-768x574.jpg","width":768,"height":574,"mime-type":"image\/jpeg","filesize":102727,"url":"https:\/\/www.treviso.arq.br\/novo\/wp-content\/uploads\/2022\/08\/IMG_0143-768x574.jpg"},"1536x1536":{"file":"IMG_0143-1536x1147.jpg","width":1536,"height":1147,"mime-type":"image\/jpeg","filesize":355631,"url":"https:\/\/www.treviso.arq.br\/novo\/wp-content\/uploads\/2022\/08\/IMG_0143-1536x1147.jpg"},"2048x2048":{"file":"IMG_0143-2048x1530.jpg","width":2048,"height":1530,"mime-type":"image\/jpeg","filesize":588539,"url":"https:\/\/www.treviso.arq.br\/novo\/wp-content\/uploads\/2022\/08\/IMG_0143-2048x1530.jpg"},"post-thumbnail":{"file":"IMG_0143-150x112.jpg","width":150,"height":112,"mime-type":"image\/jpeg","filesize":16424,"url":"https:\/\/www.treviso.arq.br\/novo\/wp-content\/uploads\/2022\/08\/IMG_0143-150x112.jpg"},"modern-property-child-slider":{"file":"IMG_0143-680x510.jpg","width":680,"height":510,"mime-type":"image\/jpeg","filesize":84010,"url":"https:\/\/www.treviso.arq.br\/novo\/wp-content\/uploads\/2022\/08\/IMG_0143-680x510.jpg"},"property-thumb-image":{"file":"IMG_0143-488x326.jpg","width":488,"height":326,"mime-type":"image\/jpeg","filesize":45774,"url":"https:\/\/www.treviso.arq.br\/novo\/wp-content\/uploads\/2022\/08\/IMG_0143-488x326.jpg"},"property-detail-video-image":{"file":"IMG_0143-818x417.jpg","width":818,"height":417,"mime-type":"image\/jpeg","filesize":84267,"url":"https:\/\/www.treviso.arq.br\/novo\/wp-content\/uploads\/2022\/08\/IMG_0143-818x417.jpg"},"agent-image":{"file":"IMG_0143-210x210.jpg","width":210,"height":210,"mime-type":"image\/jpeg","filesize":22315,"url":"https:\/\/www.treviso.arq.br\/novo\/wp-content\/uploads\/2022\/08\/IMG_0143-210x210.jpg"},"partners-logo":{"file":"IMG_0143-600x1936.jpg","width":600,"height":1936,"mime-type":"image\/jpeg","filesize":232511,"url":"https:\/\/www.treviso.arq.br\/novo\/wp-content\/uploads\/2022\/08\/IMG_0143-600x1936.jpg"},"post-featured-image":{"file":"IMG_0143-1240x720.jpg","width":1240,"height":720,"mime-type":"image\/jpeg","filesize":193167,"url":"https:\/\/www.treviso.arq.br\/novo\/wp-content\/uploads\/2022\/08\/IMG_0143-1240x720.jpg"}},"image_meta":{"aperture":"2.4","credit":"","camera":"iPad","caption":"","created_timestamp":"1351180077","copyright":"","focal_length":"4.28","iso":"80","shutter_speed":"0.000429922613929","title":"","orientation":"1","keywords":[]},"original_image":"IMG_0143.jpg","ID":"6830","name":"IMG_0143-scaled.jpg","path":"\/home\/treviso\/www\/novo\/wp-content\/uploads\/2022\/08\/IMG_0143-scaled.jpg","url":"https:\/\/www.treviso.arq.br\/novo\/wp-content\/uploads\/2022\/08\/IMG_0143-150x150.jpg","full_url":"https:\/\/www.treviso.arq.br\/novo\/wp-content\/uploads\/2022\/08\/IMG_0143-scaled.jpg","title":"IMG_0143","caption":"","description":"","alt":"","srcset":"https:\/\/www.treviso.arq.br\/novo\/wp-content\/uploads\/2022\/08\/IMG_0143-150x150.jpg 150w, https:\/\/www.treviso.arq.br\/novo\/wp-content\/uploads\/2022\/08\/IMG_0143-210x210.jpg 210w"}],"REAL_HOMES_change_gallery_slider_type":"0","REAL_HOMES_gallery_slider_type":"","inspiry_floor_plans":[],"inspiry_video_group":[{"inspiry_video_group_url":"https:\/\/youtu.be\/m5Km_Yjv_jk","inspiry_video_group_title":"NISSAN SANTA CRUZ"}],"REAL_HOMES_360_virtual_tour":"","REAL_HOMES_agent_display_option":"agent_info","REAL_HOMES_agents":["5748"],"REAL_HOMES_energy_class":"none","REAL_HOMES_energy_performance":"","REAL_HOMES_epc_current_rating":"","REAL_HOMES_epc_potential_rating":"","ere_property_schedule_tour":"","ere_property_schedule_time_slots":"","ere_property_schedule_description":"","REAL_HOMES_sticky":"","inspiry_property_label":"","inspiry_property_label_color":"","inspiry_property_tax":"","inspiry_additional_fee":"","REAL_HOMES_attachments":[],"inspiry_property_owner_name":"","inspiry_property_owner_contact":"","inspiry_property_owner_address":"","REAL_HOMES_property_private_note":"","inspiry_message_to_reviewer":"","REAL_HOMES_add_in_slider":"no","REAL_HOMES_slider_image":[],"REAL_HOMES_page_banner_image":[],"REAL_HOMES_hide_property_advance_search":"","REAL_HOMES_custom_header_display":"","REAL_HOMES_custom_header_position":"","REAL_HOMES_custom_footer_display":"","REAL_HOMES_hide_advance_search":"","REAL_HOMES_custom_search_form":"","REAL_HOMES_search_form_margin_top":"","REAL_HOMES_search_form_margin_bottom":""},"_links":{"self":[{"href":"https:\/\/www.treviso.arq.br\/novo\/wp-json\/wp\/v2\/imovel\/6831","targetHints":{"allow":["GET"]}}],"collection":[{"href":"https:\/\/www.treviso.arq.br\/novo\/wp-json\/wp\/v2\/imovel"}],"about":[{"href":"https:\/\/www.treviso.arq.br\/novo\/wp-json\/wp\/v2\/types\/property"}],"author":[{"embeddable":true,"href":"https:\/\/www.treviso.arq.br\/novo\/wp-json\/wp\/v2\/users\/5"}],"replies":[{"embeddable":true,"href":"https:\/\/www.treviso.arq.br\/novo\/wp-json\/wp\/v2\/comments?post=6831"}],"version-history":[{"count":0,"href":"https:\/\/www.treviso.arq.br\/novo\/wp-json\/wp\/v2\/imovel\/6831\/revisions"}],"wp:featuredmedia":[{"embeddable":true,"href":"https:\/\/www.treviso.arq.br\/novo\/wp-json\/wp\/v2\/media\/6829"}],"wp:attachment":[{"href":"https:\/\/www.treviso.arq.br\/novo\/wp-json\/wp\/v2\/media?parent=6831"}],"wp:term":[{"taxonomy":"property-feature","embeddable":true,"href":"https:\/\/www.treviso.arq.br\/novo\/wp-json\/wp\/v2\/imovel-caracteristicas?post=6831"},{"taxonomy":"property-type","embeddable":true,"href":"https:\/\/www.treviso.arq.br\/novo\/wp-json\/wp\/v2\/imovel-tipo?post=6831"},{"taxonomy":"property-city","embeddable":true,"href":"https:\/\/www.treviso.arq.br\/novo\/wp-json\/wp\/v2\/localizacao-imovel?post=6831"},{"taxonomy":"property-status","embeddable":true,"href":"https:\/\/www.treviso.arq.br\/novo\/wp-json\/wp\/v2\/imovel-estado?post=6831"}],"curies":[{"name":"wp","href":"https:\/\/api.w.org\/{rel}","templated":true}]}}

<p>Projeto Luciano Antoniazzi Abaid<br />
Execução Treviso Arquitetura e Construção Ltda</p>

<p>Projeto Luciano Antoniazzi Abaid Execução Treviso Arquitetura e Construção Ltda</p>
